9. What is the remainder when b is divided by 43?
40
Suppose -18*l - 1115 - 1045 = 0. What is the remainder when (-6696)/l + (-2 - 11/(-5)) is divided by 16?
8
Suppose -3*t = -2*b - 760, -823 + 71 = -3*t - 2*b. Let x = 263 - t. Calculate the remainder when 48 is divided by x.
4
Let r be (-13 - -2)/((12/138)/2). Let b = r + 163. Let q = -81 - b. Calculate the remainder when q is divided by 6.
3
Suppose 0 = -3*s - 3*m + 36, 915*s = 920*s + 4*m - 70. Let l(w) = 14*w - 1. What is the remainder when l(4) is divided by s?
11
Suppose 2*i + 0*o = 3*o + 97, 2*i - 4*o - 102 = 0. Calculate the remainder when i is divided by 13/((-117)/(-45)) + 6.
8
What is the remainder when 2170 is divided by 12 - 6*441/(-42)?
70
Let v(c) = -c**2 - 12*c - 7. Suppose -a + 9*a = -8*a + 2848. What is the remainder when a is divided by v(-9)?
18
Suppose 6*y + 78 = 114. Calculate the remainder when (-26850)/(-180) + (-1)/y is divided by 76.
73
Suppose -4*a + 3564 = 796. Suppose -r + 164 = -d, -a = -4*r + 3*d - 8*d. Suppose -4*w - r = -12*w. Calculate the remainder when w is divided by 11.
10
Let f = 2 + 51. Let q(x) = -x**3 - 13*x**2 + 13*x - 9. What is the remainder when f is divided by q(-14)?
3
Let l = -169 + 295. Let n = 672 - 639. Calculate the remainder when l is divided by n.
27
Suppose 0 = -82*g + 176*g - 3948. What is the remainder when g is divided by (-67)/(-3) - 4/(-6)?
19
Suppose -15*m + 11844 = 7*m + 14*m. What is the remainder when m is divided by 11?
10
Let l(h) = 3*h - 19. Let v = -5 + 23. Suppose -b + v = 6. Calculate the remainder when 64 is divided by l(b).
13
Let c(f) = -3*f**2 + 3*f - 6. Let x(p) = 3*p**2 - 4*p + 7. Let s(r) = -4*c(r) - 3*x(r). Let i = 309 + -313. What is the remainder when s(i) is divided by 9?
6
Suppose -2*m - 2*k = -1472, 159 = 2*m - 5*k - 1313. Calculate the remainder when m is divided by 57.
52
Suppose -55 = -3*d - 2*d + 5*z, -5*d = 2*z - 41. Suppose 5*b - 8*l + 11*l - 108 = 0, -2*l - 104 = -4*b. What is the remainder when b is divided by d?
6
Suppose 35 = 2*q + m, 42*m - 38*m = 3*q - 14. Suppose 2*a - 409 = -5*r + 278, r - 143 = a. Calculate the remainder when r is divided by q.
13
Let z be (-248)/(-88) + (-4)/(-22). Let m(k) = 14*k - z + 0 - 2. What is the remainder when m(4) is divided by 13?
12
Let s be (-2*5/(-30))/(-1)*42. Let m(o) = o**3 + 13*o**2 - 20*o - 30. Calculate the remainder when 73 is divided by m(s).
19
Suppose -11*n + 17*n = 0. Let f be 22 - (0 - (2 - n)). Calculate the remainder when 95 is divided by (23 - 18)*f/5.
23
Let s(w) = -w**2 + 14*w + 109. Calculate the remainder when 2254 is divided by s(18).
34
Suppose -3*a + 23 = 11. What is the remainder when (73 - -244) + a + 0 is divided by 13?
9
Let k(b) = 2*b**2 + 2*b + 27. Let o be 2/(-6) - 13/(-39). What is the remainder when k(o) is divided by 14?
13
Let t(k) be the first derivative of -k**3/3 - 15*k**2/2 - 19*k - 8. Let m(l) = l**2 + 7*l - 7. Let p be m(-6). What is the remainder when 20 is divided by t(p)?
6
Suppose -5*j + 5*y + 381 + 234 = 0, 2*j - 243 = y. Let d = -27 + 67. What is the remainder when j is divided by d?
0
Suppose -5*a + 5*g = -425, -3*g + 100 + 233 = 4*a. Calculate the remainder when 87 is divided by (a/35)/((-4)/(-50)).
27
Suppose 34*r = 32*r + 62. Suppose -3*k - d = -71, -129 = -5*k - 0*d + d. Let y = r - k. What is the remainder when y is divided by 2?
0
Let j(k) = -13*k + 23. Let m(z) = 25*z - 44. Let i(d) = -5*j(d) - 3*m(d). What is the remainder when i(-3) is divided by ((-35)/(-14))/((-2)/(-20))?
22
Suppose 0 = -28*m + 16*m + 2616. Calculate the remainder when 285 is divided by m.
67
Let z(a) = -82*a**2 - 738*a + 7. What is the remainder when 145 is divided by z(-9)?
5
Let c(s) = -4*s + 28. Let n be c(6). Suppose x - 2*a - 7 = -3*a, -4 = 2*x - n*a. Calculate the remainder when 14 is divided by x.
2
Suppose -n = n. Suppose -16 + 190 = 58*u. Suppose n = -6*k - u*k + 441. What is the remainder when 191 is divided by k?
44
Suppose -656*d + 665*d = 6534. Calculate the remainder when d is divided by 338.
50
Suppose 11*m + 270 = 5*m. Let v = 126 + m. Calculate the remainder when v is divided by 22.
15
Suppose 0 = -f - 3*v + 6 - 20, v + 2 = 0. Let c be (-2)/8 + (-42)/f. Let a(r) = -r**3 + 6*r**2 - 5*r + 12. Calculate the remainder when 32 is divided by a(c).
8
Suppose i + 3*i - 68 = 0. Let c(g) = g**3 + 42*g**2 + 99*g + 995. Calculate the remainder when c(-40) is divided by i.
14
Let w(k) = 8*k - 70. Let v be w(-4). Let p = 142 + v. What is the remainder when p is divided by 21?
19
Let v(b) = -4*b**3 + 3*b**3 + 13*b**2 + 48 + 50 - 90. What is the remainder when v(13) is divided by (-3 + 2)*(1 - 4)?
2
Let q = 3436 + -3423. Calculate the remainder when 1748 is divided by q.
6
Suppose 0 = -3*r - 3*u + 6 + 39, 4*r - 3*u - 60 = 0. Let f(s) = 4*s - 51. Calculate the remainder when 44 is divided by f(r).
8
Let x be (164/8)/(8/(-16)). Let r(t) = 16*t**3 - t**2. Calculate the remainder when ((1 - 1) + -58)/(82/x) is divided by r(1).
14
Suppose 4*l - 20 = 0, -4*o + 2*o + 61 = 3*l. Let h = 11391 - 11350. What is the remainder when h is divided by o?
18
Let z be -4 + (-1 - 1)/2. Let o = 4535 + -4484. Let p = z + o. Calculate the remainder when p is divided by 14.
4
Let f(j) = -8*j - 46. Let s be (-7 + -4 + 4)*1. What is the remainder when 46 is divided by f(s)?
6
Let r(n) = 6*n**2 + 6*n + 10. Let c be r(-7). Let a(s) = s**2 + 5*s + 8. What is the remainder when (-36)/24*(c/(-6) - 1) is divided by a(-6)?
11
Suppose 11*m + 2160 = -m. Let b = 53 - m. Calculate the remainder when b is divided by 9.
8
Suppose 122*i - 222 = 80180 + 24152. What is the remainder when 2576 is divided by i?
5
What is the remainder when 190 is divided by (3*(-344)/12)/(15/(120/(-16)))?
18
Let y = 67 + -60. Let w(z) = 11*z + 1. Let f be w(y). Suppose -2*h + 4*x + 22 = -f, -4*h - 3*x + 145 = 0. Calculate the remainder when h is divided by 7.
5
What is the remainder when 399 is divided by -1*3 - (-126)/24*(-8)/(-6)?
3
Suppose 6*i - 10*i + 88 = 0. Let j(u) = -u**2 - 4*u. Let w be j(-12). Let c = -54 - w. What is the remainder when c is divided by i?
20
Suppose 4*l = v + 4 + 28, -3*l = -5*v - 41. What is the remainder when (-45)/(-3) + (160 - 24) is divided by l?
4
Suppose 411 = 2*k - 137. Calculate the remainder when k is divided by 66.
10
Suppose 11*b - 190 = -3*h, -76 = -4*h - 5*b + 129. Calculate the remainder when 1709 is divided by h.
44
Let v(x) = 2 - 2 + x + 7. Suppose i - 15 = -181*y + 186*y, 5*i - y - 27 = 0. What is the remainder when i is divided by v(-5)?
1
Suppose -3*h + 8 + 1 = 0, 4*n = -9*h + 799. What is the remainder when 674 is divided by n?
95
Let x = -95 - -207. Let z = 139 - x. What is the remainder when 646 is divided by z?
25
Suppose 11*j - 3 = 19. Suppose j*n - 9 = -n. Suppose -4*d + 128 = -3*r, -d - 2*r + 55 = n*r. What is the remainder when d is divided by 19?
16
Let b(v) = -v**2 - 13*v + 22. Calculate the remainder when 10/(-40) - 466*2/(-16) is divided by b(-14).
2
Let x = -644 + 373. Let n = -246 - x. Let t = -70 - -133. What is the remainder when t is divided by n?
13
Suppose 2*t = 82 - 4. Let i(c) = c + 158. Calculate the remainder when i(-48) is divided by t.
32
Suppose 0 = -4*d + 3*b + 449, 6*b = -41*d + 45*d - 434. Let m = 45 - -34. Suppose m = 4*o + 27. Calculate the remainder when d is divided by o.
12
Suppose -240 = -4*o - 6*o. Suppose 817*v + o = 820*v. Let z(t) = 10*t**2 - 3*t - 4. What is the remainder when z(3) is divided by v?
5
Calculate the remainder when 423 is divided by 20244/231 + 4/11.
71
Suppose -2*p + 2*j + 16170 = 0, -40404 = -5*p - 29*j + 27*j. What is the remainder when p is divided by 188?
186
Suppose 0 = -5*y + 25, 9*p + 2*y = 10*p + 9. What is the remainder when p/(-2) + -1 + 153/6 is divided by 13?
11
Suppose -5*k + 84 = -4*b + 3*b, 0 = 5*k. Let r = -59 - b. What is the remainder when 2/(-3) + 221/3 is divided by r?
23
Let o(l) = l**3 - 12*l**2 + 10*l - 12. Let s be o(11). What is the remainder when s + 40 - (4/(-2) + -2) is divided by 12?
9
Suppose 3*k - 8*k + 35 = 0. What is the remainder when 30 is divided by 4500/525 + (-4)/k?
6
Suppose 7*t - 6*t - 2 = 0. Let q(o) = 5*o**2 + 5*o**2 + o**3 - 6*o**t. What is the remainder when q(-3) is divided by 4?
1
Suppose -2520 = -24*m + 16*m. Let u = m - 259. What is the remainder 